{"id":1370,"date":"2021-12-22T11:13:51","date_gmt":"2021-12-22T10:13:51","guid":{"rendered":"https:\/\/www.linguacom.se\/?post_type=nyhet&#038;p=1370"},"modified":"2023-11-10T10:01:57","modified_gmt":"2023-11-10T09:01:57","slug":"arets-sista-avsnitt-av-tolkpodden","status":"publish","type":"nyhet","link":"https:\/\/www.linguacom.se\/en\/nyhet\/arets-sista-avsnitt-av-tolkpodden\/","title":{"rendered":"This year's last episode of Tolkpodden"},"content":{"rendered":"","protected":false},"featured_media":1373,"template":"","class_list":["post-1370","nyhet","type-nyhet","status-publish","has-post-thumbnail","hentry"],"meta_box":{"ingress":"","beskrivning":"<p>Tack f\u00f6r i \u00e5r! \u00c5rets sista avsnitt av Tolkpodden \u00e4r h\u00e4r och Linguacoms VD Michael Larsson och Linguacoms marknadsansvariga Jenny Lacis g\u00f6r en summering av \u00e5r 2021 och blickar in i n\u00e4sta \u00e5r. Vi f\u00e5r \u00e4ven h\u00f6ra om ett hemligt projekt som \u00e4r p\u00e5 g\u00e5ng. Mycket sp\u00e4nnande! Lyssna p\u00e5 www.tolkpodden.se eller p\u00e5 Spotify!<\/p>\n<p>Vi vill \u00e4ven passa p\u00e5 att \u00f6nska god jul till alla! \u2764\ufe0f<\/p>\n<p>&nbsp;<\/p>\n<h6><em>2021-12-22<\/em><\/h6>\n","galleri":[]},"_links":{"self":[{"href":"https:\/\/www.linguacom.se\/en\/wp-json\/wp\/v2\/nyhet\/1370","targetHints":{"allow":["GET"]}}],"collection":[{"href":"https:\/\/www.linguacom.se\/en\/wp-json\/wp\/v2\/nyhet"}],"about":[{"href":"https:\/\/www.linguacom.se\/en\/wp-json\/wp\/v2\/types\/nyhet"}],"wp:featuredmedia":[{"embeddable":true,"href":"https:\/\/www.linguacom.se\/en\/wp-json\/wp\/v2\/media\/1373"}],"wp:attachment":[{"href":"https:\/\/www.linguacom.se\/en\/wp-json\/wp\/v2\/media?parent=1370"}],"curies":[{"name":"wp","href":"https:\/\/api.w.org\/{rel}","templated":true}]}}

<p>Tack för i år! Årets sista avsnitt av Tolkpodden är här och Linguacoms VD Michael Larsson och Linguacoms marknadsansvariga Jenny Lacis gör en summering av år 2021 och blickar in i nästa år. Vi får även höra om ett hemligt projekt som är på gång. Mycket spännande! Lyssna på www.tolkpodden.se eller på Spotify!</p>
<p>Vi vill även passa på att önska god jul till alla! ❤️</p>
<p>&nbsp;</p>
<h6><em>2021-12-22</em></h6>
